3) to base 2.
-111110111
-45567 (base 10) to base 13
-17982
What is -1011010001100001 (base 2) in base 5?
-2434202
1242 (base 5) to base 9
238
Convert 6330 (base 9) to base 3.
20101000
1113 (base 11) to base 6
10442
Convert -45b (base 12) to base 14.
-343
Convert 7c3 (base 14) to base 11.
1183
-411b (base 13) to base 10
-8981
What is -482 (base 9) in base 5?
-3043
Convert -291 (base 13) to base 6.
-2040
-20122020 (base 3) to base 7
-20052
What is 1181 (base 10) in base 2?
10010011101
2746 (base 11) to base 5
103214
What is -109 (base 16) in base 13?
-175
-1016 (base 9) to base 15
-349
Convert 625 (base 15) to base 16.
569
What is -e6b (base 15) in base 11?
-2496
1037 (base 13) to base 14
b63
Convert 14031 (base 5) to base 16.
475
Convert 2114 (base 6) to base 16.
1de
-111111111101011 (base 2) to base 13
-11ba0
1153 (base 9) to base 12
5b6
15591 (base 12) to base 10
30205
Convert -4a67 (base 13) to base 14.
-3bc7
What is 35204 (base 7) in base 12?
5278
-2131 (base 14) to base 6
-42303
What is -2b5 (base 12) in base 2?
-110101001
Convert 4e96 (base 16) to base 9.
30533
What is 353 (base 13) in base 16?
23f
Convert 82 (base 12) to base 13.
77
291 (base 16) to base 7
1626
ca1 (base 13) to base 3
2221222
What is -7a2 (base 16) in base 9?
-2611
266 (base 7) to base 10
146
-24588 (base 13) to base 12
-32843
What is 13220 (base 4) in base 7?
1265
What is 1710 (base 11) in base 6?
14045
Convert -280 (base 13) to base 10.
-442
What is 214 (base 11) in base 15?
122
1633 (base 7) to base 2
1010010101
What is -16f7 (base 16) in base 11?
-4465
What is -1816 (base 10) in base 9?
-2437
-1206 (base 8) to base 2
-1010000110
Convert 1745 (base 8) to base 16.
3e5
What is -905 (base 11) in base 10?
-1094
Convert -22248 (base 13) to base 7.
-345336
What is -11d (base 15) in base 6?
-1101
What is 111064 (base 9) in base 14?
1a2a9
Convert -6216 (base 8) to base 6.
-22514
Convert -566 (base 7) to base 4.
-10211
What is 2a6 (base 14) in base 6?
2254
What is -1024223 (base 5) in base 13?
-7c25
What is -3897 (base 15) in base 12?
-6b97
What is 2125 (base 8) in base 14?
593
What is -366 (base 9) in base 14?
-179
Convert 2112 (base 12) to base 7.
13352
What is -111121 (base 3) in base 6?
-1411
5147 (base 8) to base 12
165b
Convert 101000010110 (base 2) to base 10.
2582
-15 (base 12) to base 9
-18
-3b1 (base 12) to base 5
-4230
What is 13133130 (base 4) in base 9?
46073
111121 (base 4) to base 2
10101011001
What is -d7 (base 16) in base 13?
-137
What is -22c1 (base 13) in base 2?
-1001100011001
11110000000001 (base 2) to base 14
5853
-120122020 (base 3) to base 13
-525c
Convert 4203 (base 5) to base 13.
337
What is -c25a (base 13) in base 6?
-323545
6162 (base 7) to base 4
201213
4143 (base 10) to base 14
171d
What is -1111210120 (base 3) in base 8?
-72056
Convert 26020 (base 7) to base 16.
1ada
-132023 (base 6) to base 15
-38c6
Convert -831 (base 16) to base 6.
-13413
Convert 71853 (base 9) to base 5.
3003402
5309 (base 16) to base 11
14a75
Convert 20310130 (base 4) to base 16.
8d1c
-2543 (base 6) to base 8
-1177
What is -24 (base 16) in base 13?
-2a
What is -1000100101101011 (base 2) in base 11?
-24481
-1829 (base 12) to base 7
-11331
What is -2a47 (base 14) in base 8?
-16527
What is -11110101000100 (base 2) in base 4?
-3311010
Convert 11101111111 (base 2) to base 5.
30134
What is -235 (base 8) in base 5?
-1112
What is -1243 (base 6) in base 13?
-1b3
Convert 23776 (base 8) to base 16.
27fe
Convert -ac (base 13) to base 16.
-8e
Convert 1315243 (base 6) to base 4.
101230023
Convert -34125 (base 6) to base 5.
-123210
What is -12214 (base 8) in base 5?
-132020
1425 (base 6) to base 15
1a2
Convert 1040034 (base 5) to base 12.
a600
What is 9774 (base 12) in base 9?
24747
-24531 (base 13) to base 6
-1233123
What is -14210 (base 5) in base 9?
-1551
What is 346 (base 7) in base 2?
10110101
Convert -698 (base 16) to base 13.
-9cb
Convert 295 (base 12) to base 9.
485
What is 156504 (base 7) in base 14?
b4ab
What is 100 (base 15) in base 12?
169
What is 1211210 (base 3) in base 14?
6c0
What is -3127 (base 11) in base 8?
-10057
6b3 (base 14) to base 15
5dd
What is -1413 (base 6) in base 12?
-269
-413 (base 5) to base 6
-300
What is 1053 (base 8) in base 7?
1422
What is 191a (base 14) in base 15?
1522
Convert -835 (base 13) to base 9.
-1821
What is -c4a3 (base 14) in base 8?
-102077
Convert -b85 (base 15) to base 4.
-220220
110011001000 (base 2) to base 3
11111012
Convert -334 (base 15) to base 5.
-10344
Convert 188 (base 13) to base 3.
101102
3572 (base 12) to base 14
227c
-3746 (base 8) to base 5
-31042
What is -133 (base 7) in base 10?
-73
-36385 (base 10) to base 14
-d38d
-450 (base 12) to base 16
-27c
Convert 265 (base 7) to base 5.
1040
Convert -320232 (base 5) to base 12.
-6230
-627b (base 13) to base 5
-413442
-1514 (base 8) to base 10
-844
Convert -21430 (base 5) to base 2.
-10111010010
222c9 (base 13) to base 16
f243
What is -816 (base 10) in base 13?
-4aa
352542 (base 7) to base 16
f79b
Convert 814 (base 12) to base 10.
1168
What is -67652 (base 8) in base 4?
-12332222
-23030 (base 8) to base 6
-113052
Convert 133 (base 16) to base 3.
102101
What is 20f (base 16) in base 9?
645
2234000 (base 5) to base 13
151c4
What is -9751 (base 16) in base 7?
-220636
Convert 211434 (base 5) to base 4.
1233033
Convert -17020 (base 9) to base 15.
-36dc
What is 6bc5 (base 13) in base 2?
11101101100010
What is -1214 (base 8) in base 6?
-3004
What is 1646 (base 8) in base 13?
56b
What is -3ab (base 16) in base 7?
-2511
1907 (base 14) to base 8
10643
-14356 (base 10) to base 2
-11100000010100
What is -1043 (base 6) in base 3?
-100000
What is -3043121 (base 5) in base 13?
-19879
What is 15 (base 13) in base 4?
102
-252c (base 14) to base 4
-1211230
What is 15b0 (base 13) in base 14?
1237
-141c (base 14) to base 10
-3554
What is -73153 (base 9) in base 16?
-bc73
-100201000 (base 3) to base 13
-32b2
Convert 11101211 (base 3) to base 15.
e3d
23576 (base 11) to base 3
1201120220
Convert 95 (base 15) to base 7.
260
Convert 32231 (base 4) to base 9.
1255
-41144 (base 5) to base 3
-10200001
What is 4405 (base 6) in base 5?
13023
What is 20022113 (base 4) in base 13?
122a8
What is 1a82 (base 11) in base 13?
1275
-16071 (base 10) to base 7
-64566
What is 11000011011 (base 2) in base 5?
22223
What is 41 (base 11) in base 6?
113
34765 (base 8) to base 6
152405
Convert cb27 (base 14) to base 13.
12ca6
-234 (base 10) to base 5
-1414
What is 3121 (base 10) in base 13?
1561
2367 (base 11) to base 8
6032
Convert -302 (base 13) to base 14.
-285
What is 44103 (base 12) in base 7?
523254
Convert -381 (base 12) to base 14.
-29b
43313 (base 6) to base 13
2928
What is -10112 (base 6) in base 7?
-3623
What is -942 (base 12) in base 3?
-1211212
Convert 2020 (base 4) to base 6.
344
What is -b378 (base 14) in base 6?
-354542
1001010100101 (base 2) to base 12
2919
46324 (base 7) to base 16
2e33
What is 2562 (base 7) in base 4?
33033
-1021100000 (base 3) to base 10
-25029
What is 2401 (base 8) in base 5?
20111
6c61 (base 15) to base 10
23041
13224 (base 9) to base 16
22e4
What is 6a12 (base 16) in base 5?
1332104
What is 4169 (base 15) in base 3?
200222000
6420 (base 9) to base 15
15e6
What is -923 (base 11) in base 12?
-78a
What is 1cd (base 15) in base 6?
1534
20012002 (base 3) to base 2
1000110011111
What is 23120 (base 5) in base 10?
1660
-81a3 (base 13) to base 12
-a41a
What is 11001110100 (base 2) in base 6?
11352
What is 100121111 (base 3) in base 8?
15536
Convert -134 (base 5) to base 2.
-101100
What is -dd (base 14) in base 6?
-523
What is -106 (base 15) in base 5?
-1411
7c9 (base 15) to base 14
900
What is -101101101101 (base 2) in base 16?
-b6d
-1002 (base 3) to base 8
-35
101100000101 (base 2) to base 14
1057
-110100 (base 2) to base 12
-44
-168a (base 16) to base 10
-5770
1133 (base 9) to base 14
440
What is -134 (base 12) in base 10?
-184
16 (base 10) to base 5
31
Convert 526 (base 13) to base 11.
728
Convert 120 (base 9) to base 13.
78
2023300 (base 4) to base 12
5214
What is 2b088 (base 13) in base 9?
133585
-10534 (base 6) to base 4
-113122
Convert 1837 (base 12) to base 8.
5553
Convert -2124 (base 11) to base 10.
-2809
Convert -130640 (base 8) to base 10.
-45472
-96a8 (base 13) to base 14
-78a9
What 